{"id":186,"date":"2026-01-11T20:50:33","date_gmt":"2026-01-11T17:50:33","guid":{"rendered":"https:\/\/gocekdeniztaxi.com\/?page_id=186"},"modified":"2026-01-11T20:50:33","modified_gmt":"2026-01-11T17:50:33","slug":"gocek-adalar-servis-noktalari","status":"publish","type":"page","link":"https:\/\/gocekdeniztaxi.com\/index.php\/gocek-adalar-servis-noktalari\/","title":{"rendered":"G\u00d6CEK ADALAR SERV\u0130S NOKTALARI"},"content":{"rendered":"\n<p>** G\u00d6CEK ADASI<\/p>\n\n\n\n<p>** Yass\u0131ca adalar\u0131<\/p>\n\n\n\n<p>** Osmana\u011fa koyu<\/p>\n\n\n\n<p>** Boynuzb\u00fck\u00fc koyu<\/p>\n\n\n\n<p>** Kille koyu<\/p>\n\n\n\n<p>** Bedri rahmi koyu<\/p>\n\n\n\n<p>** S\u0131ral\u0131b\u00fck koyu<\/p>\n\n\n\n<p>** Sarsala koyu<\/p>\n\n\n\n<p>** HAMAM-B\u0130NL\u0130K koylar\u0131<\/p>\n\n\n\n<p>** CENNET-MARTI koylar\u0131<\/p>\n\n\n\n<p>** Merdivenli-G\u00f6b\u00fcn koylar\u0131<\/p>\n\n\n\n<p>** Domuz adas\u0131 -AKVARYUM koyu<\/p>\n\n\n\n<p>** Tersane koyu-tersane adas\u0131<\/p>\n\n\n\n<p>** Akvaryum koyu<\/p>\n\n\n\n<p>** Adaia g\u00f6cek<\/p>\n\n\n\n<p>** Ayr\u0131ca iste\u011fe ba\u011fli H\u0130LLS\u0130DE ve FETH\u0130YE servislerimiz vard\u0131r.<\/p>\n\n\n\n<p>\u0130leti\u015fim i\u00e7in ; 0551 363 48 03<\/p>\n\n\n\n<p><\/p>\n","protected":false},"excerpt":{"rendered":"<p>** G\u00d6CEK ADASI ** Yass\u0131ca adalar\u0131 ** Osmana\u011fa koyu ** Boynuzb\u00fck\u00fc koyu ** Kille koyu ** Bedri rahmi koyu ** [&hellip;]<\/p>\n","protected":false},"author":1,"featured_media":0,"parent":0,"menu_order":0,"comment_status":"closed","ping_status":"closed","template":"","meta":{"site-sidebar-layout":"default","site-content-layout":"","ast-site-content-layout":"default","site-content-style":"default","site-sidebar-style":"default","ast-global-header-display":"","ast-banner-title-visibility":"","ast-main-header-display":"","ast-hfb-above-header-display":"","ast-hfb-below-header-display":"","ast-hfb-mobile-header-display":"","site-post-title":"","ast-breadcrumbs-content":"","ast-featured-img":"","footer-sml-layout":"","ast-disable-related-posts":"","theme-transparent-header-meta":"","adv-header-id-meta":"","stick-header-meta":"","header-above-stick-meta":"","header-main-stick-meta":"","header-below-stick-meta":"","astra-migrate-meta-layouts":"default","ast-page-background-enabled":"default","ast-page-background-meta":{"desktop":{"background-color":"var(--ast-global-color-5)","background-image":"","background-repeat":"repeat","background-position":"center center","background-size":"auto","background-attachment":"scroll","background-type":"","background-media":"","overlay-type":"","overlay-color":"","overlay-opacity":"","overlay-gradient":""},"tablet":{"background-color":"","background-image":"","background-repeat":"repeat","background-position":"center center","background-size":"auto","background-attachment":"scroll","background-type":"","background-media":"","overlay-type":"","overlay-color":"","overlay-opacity":"","overlay-gradient":""},"mobile":{"background-color":"","background-image":"","background-repeat":"repeat","background-position":"center center","background-size":"auto","background-attachment":"scroll","background-type":"","background-media":"","overlay-type":"","overlay-color":"","overlay-opacity":"","overlay-gradient":""}},"ast-content-background-meta":{"desktop":{"background-color":"var(--ast-global-color-4)","background-image":"","background-repeat":"repeat","background-position":"center center","background-size":"auto","background-attachment":"scroll","background-type":"","background-media":"","overlay-type":"","overlay-color":"","overlay-opacity":"","overlay-gradient":""},"tablet":{"background-color":"var(--ast-global-color-4)","background-image":"","background-repeat":"repeat","background-position":"center center","background-size":"auto","background-attachment":"scroll","background-type":"","background-media":"","overlay-type":"","overlay-color":"","overlay-opacity":"","overlay-gradient":""},"mobile":{"background-color":"var(--ast-global-color-4)","background-image":"","background-repeat":"repeat","background-position":"center center","background-size":"auto","background-attachment":"scroll","background-type":"","background-media":"","overlay-type":"","overlay-color":"","overlay-opacity":"","overlay-gradient":""}},"footnotes":""},"class_list":["post-186","page","type-page","status-publish","hentry"],"aioseo_notices":[],"_links":{"self":[{"href":"https:\/\/gocekdeniztaxi.com\/index.php\/wp-json\/wp\/v2\/pages\/186","targetHints":{"allow":["GET"]}}],"collection":[{"href":"https:\/\/gocekdeniztaxi.com\/index.php\/wp-json\/wp\/v2\/pages"}],"about":[{"href":"https:\/\/gocekdeniztaxi.com\/index.php\/wp-json\/wp\/v2\/types\/page"}],"author":[{"embeddable":true,"href":"https:\/\/gocekdeniztaxi.com\/index.php\/wp-json\/wp\/v2\/users\/1"}],"replies":[{"embeddable":true,"href":"https:\/\/gocekdeniztaxi.com\/index.php\/wp-json\/wp\/v2\/comments?post=186"}],"version-history":[{"count":1,"href":"https:\/\/gocekdeniztaxi.com\/index.php\/wp-json\/wp\/v2\/pages\/186\/revisions"}],"predecessor-version":[{"id":187,"href":"https:\/\/gocekdeniztaxi.com\/index.php\/wp-json\/wp\/v2\/pages\/186\/revisions\/187"}],"wp:attachment":[{"href":"https:\/\/gocekdeniztaxi.com\/index.php\/wp-json\/wp\/v2\/media?parent=186"}],"curies":[{"name":"wp","href":"https:\/\/api.w.org\/{rel}","templated":true}]}}